 = 0. Calculate the remainder when s is divided by 36.
31
Suppose 0 = -5*l + 5, -3*o - l + 4*l - 36 = 0. Let r = 2 + o. What is the remainder when 117 is divided by r/6*(-13 - 3)?
21
Suppose -2*i = 8, -i = 9*s - 10*s + 8. Suppose s*d = -2*n + 210, 5*n = 4*d + 113 + 384. Let o = n + -30. Calculate the remainder when o is divided by 18.
17
Let a(j) = -22*j + 560. What is the remainder when 172 is divided by a(23)?
10
Suppose -3*c - 9 = -6*c. Let n = 16 - c. Let g(q) = 2*q**2 - 6*q + 1. What is the remainder when g(6) is divided by n?
11
What is the remainder when 194/((-4)/(-10)*(-90)/(-288)) is divided by 26?
18
Let p = -454 + 566. What is the remainder when 117 is divided by p/(-84) + 55/3?
15
Let p(z) = 2*z**3 + 20*z**2 - 25*z + 28. What is the remainder when p(5) is divided by 28?
9
Calculate the remainder when 31/((-372)/(-13152))*6/16 is divided by 52.
47
Let n(j) = -106*j + 586. Calculate the remainder when 410 is divided by n(5).
18
Let f(h) = -25*h + 560. Calculate the remainder when 108 is divided by f(19).
23
Suppose -10 = t - 63. Let w(u) = u**2 - 30*u + 95. What is the remainder when t is divided by w(3)?
11
Let d(k) = 5*k**2 - 100*k + 1518. Calculate the remainder when d(20) is divided by 305.
298
What is the remainder when 3429720/1764 + 5/7 is divided by 964?
17
Let g = -16276 + 16297. What is the remainder when 287 is divided by g?
14
Let l = 25859 + -24441. What is the remainder when l is divided by 237?
233
Let m be (2/3)/(4/(-24)). Calculate the remainder when m/(-2) + 871/13 is divided by 7777/847 - 4/22.
6
Suppose 0 = h - 47 - 6. Suppose 28*d - h*d = -2300. What is the remainder when d is divided by 34?
24
Suppose -5*p - h + 1729 = -1296, 0 = -2*p - 3*h + 1210. What is the remainder when p is divided by 20?
5
Let u be 0 - -7 - (-2)/2. Suppose n + u = 25. Let b(g) = 2*g**2 + 334*g - 2388. Calculate the remainder when b(-174) is divided by n.
14
Let q = -6713 + 6780. Calculate the remainder when 387 is divided by q.
52
Let h(j) = j**2 - 6*j + 8. What is the remainder when (-285)/5*1*80/(-48) is divided by h(7)?
5
Suppose 4*o + 3*j - 16 = -92, 4*o = 5*j - 76. Let b(t) = -t**3 - 17*t**2 + 32*t - 18. Calculate the remainder when b(o) is divided by 26.
18
Let o(v) = v**3 - 37*v**2 - 34*v - 146. Calculate the remainder when 46 is divided by o(38).
4
Suppose 22*g = 29*g - 6251. What is the remainder when g is divided by 75?
68
Suppose 5*f - 579 = -3*b, -2*f = 4*b + 3*f - 772. What is the remainder when b is divided by (-33)/(-2) - (1134/28)/(-27)?
13
Let t(a) = 27*a. Let n(p) = 4*p**2 + 5*p - 5. Let f(x) = 2*x. Let w be f(1). What is the remainder when t(3) is divided by n(w)?
18
Let h = -2838 - -2941. Calculate the remainder when 1029 is divided by h.
102
Suppose 22075*b - 22068*b = 5222. What is the remainder when b is divided by 128?
106
Suppose -7*w - 38 = 277. What is the remainder when (-12)/3 - (w - -1) is divided by 37?
3
Let y be (5 - 2)/(3/(-842)). Let n = -797 - y. What is the remainder when 68 is divided by n?
23
Let b = 8310 + -8307. Calculate the remainder when 882 is divided by b.
0
Suppose -3*i + 2 - 5 = 0. Let s(q) = -53*q. Let o(d) = 3*d**3 - 11*d**2 - 5. What is the remainder when s(i) is divided by o(4)?
9
Let i = 141 + -91. Suppose -2*a + 5 = -3*a, -w - 4*a = 15. Suppose 9*o = w*o + 104. Calculate the remainder when i is divided by o.
24
Suppose y - 27 = 9. Suppose -y = 3*f - 7*f. Suppose -2*x = -3*t - 44, 0*t + 3*t - 52 = -4*x. What is the remainder when x is divided by f?
7
Suppose f + 37 + 1 = 2*q, 5*f = 5*q - 100. Suppose 2*s + c - q = -0*c, -27 = -3*s - 5*c. Calculate the remainder when -5 - (2/6)/(24/(-3384)) is divided by s.
6
Let a = 375 - 377. Let j(s) = -s**3 + 3*s**2 + 5*s + 7. Let f = 5 + 24. What is the remainder when f is divided by j(a)?
12
Let q = -2915 - -3106. Calculate the remainder when 1714 is divided by q.
186
Suppose -2*a + 2*y = -348, 0 = 2*a + 2*y - 10 - 362. Calculate the remainder when 325 is divided by a.
145
Let w(y) = y**2 - 34*y - 47. Let a be w(24). Let m = a + 319. What is the remainder when 178 is divided by m?
18
Let u(f) = f**3 + 6*f**2 - f + 13. Suppose 0 = -5*v + 1 + 29. Suppose -170 = -v*n + 28. Calculate the remainder when n is divided by u(-6).
14
Let f(x) = 5*x**2 + 1. Calculate the remainder when (105/360 - (-18)/48) + (-496)/(-3) is divided by f(-2).
19
Let o(i) = 2*i**3 + 172*i**2 + 10*i + 876. Suppose -225 = -2*n - 9. What is the remainder when n is divided by o(-86)?
12
Suppose 0 = -3*q + 6*q - 354. Suppose 0 = -12*c + 36488 - 37328. Let y = q + c. Calculate the remainder when 143 is divided by y.
47
Let p = -590 + 661. Calculate the remainder when (-3)/(-9) - 2110/(-6) is divided by p.
68
Let j = 13 - 7. Let a(q) = -560*q**3 + 3*q - 2. Let s be a(1). Let p = s + 586. What is the remainder when p is divided by j?
3
Let m = 6273 - 5821. What is the remainder when 906 is divided by m?
2
Suppose -8*w - 5*z + 352 = -7*w, -w + 3*z + 368 = 0. Calculate the remainder when w is divided by 102.
56
Suppose 5*l - 2*a + 25 = a, -4*l - 37 = a. Let t = -6 - -2. What is the remainder when 13 is divided by (l - -2)*t/12 + 11?
0
Let i = 3 - 282. Let g be 1*i/(-3) - -1. Let c = g - 84. Calculate the remainder when 28 is divided by c.
8
Let l = -43 + 74. Let x = 256620 + -256497. Calculate the remainder when x is divided by l.
30
What is the remainder when 1503 is divided by (1/((-9)/(-192)) + 4)*(-114)/(-152)?
2
Let x(q) = -q**2 + 10*q + 4. Let d(y) = -y**2 - 8*y - 1. Let s be d(-7). Let f be x(s). Let m = 56 - f. What is the remainder when 83 is divided by m?
27
Let i = 3 - -72. Let u = 74 + -77. Calculate the remainder when i is divided by ((1*234)/u)/(-2).
36
Suppose 11*q + 87 = 12*q. Let z = 106 - q. Let r = 93 - 59. Calculate the remainder when r is divided by z.
15
Let o = 26276 + -26258. Let c(g) = 8*g**3 - 2*g**2 + 2*g - 1. Calculate the remainder when o is divided by c(1).
4
Let q(u) = 3*u**2 - 11*u + 42. Let k(y) = y**2 + 1. Let g(c) = -4*k(c) + q(c). Calculate the remainder when 110 is divided by g(-11).
34
Let r = -62 - -70. Suppose -n = -3*n - 5*h + 72, -h = 2. What is the remainder when ((-32)/(-7) - 2)/(r/504) is divided by n?
39
Suppose -25 = -3*d - 0*y + 5*y, 5*d + 25 = -5*y. Let h = 74 + -63. Suppose d = -7*m + h + 115. Calculate the remainder when m is divided by 10.
8
Let g(d) = 13*d + 36. Let x(t) = -t + 3. Let i(q) = g(q) + 6*x(q). Calculate the remainder when i(9) is divided by 17.
15
Let y(l) = 586*l**2 - 17*l - 15. What is the remainder when y(-1) is divided by 116?
8
Let l(s) = -9*s + 31. Let p be l(3). Suppose p*u = -2 - 2, -2*u - 397 = -5*t. Calculate the remainder when t is divided by 84/(-10)*30/(-9).
23
Suppose 3216 = 16*d + 2304. Calculate the remainder when 62 is divided by d.
5
Suppose 0 = -n + 12*b - 17*b, -4*b = -5*n + 58. Calculate the remainder when 344 is divided by n.
4
Let t(w) = -w**3 - w**2 + 11*w - 16. Suppose 5*m - 2*k - k = -20, -4*k - 27 = m. What is the remainder when t(m) is divided by 51?
48
Suppose -4*p - 2 = 18. Let r = 10 - -3. Calculate the remainder when 84*((-15)/4)/p is divided by r.
11
Calculate the remainder when 415 is divided by (-16)/2 - (-127 + (-22 - -18)).
46
Let l(g) = -48*g**3 + 104*g**2 + 742*g + 33. What is the remainder when l(-8) is divided by 17?
16
Calculate the remainder when 1/((16954/(-22616) - -1) + (-10)/40) is divided by 21.
13
Let b(y) = -131*y - 1700. What is the remainder when 267 is divided by b(-13)?
0
Suppose 18*y - 16*y - 8208 = -16*y. Calculate the remainder when y is divided by 118.
102
Let z(k) = k**3 + 25*k**2 + 15*k - 719. Calculate the remainder when z(-21) is divided by 118.
22
Let s(k) = -k**3 + 17*k**2 + 22*k + 13. Let i be s(18). Let h be (-466)/8 + (-1)/(-4). Let b = h + i. What is the remainder when b is divided by 14?
13
Let i = -196 - -250. Let u = 283 + -69. What is the remainder when u is divided by i?
52
Let i(j) be the second derivative of 21*j**3 + 14*j. Let z(x) = -x**2 + 19*x + 21. Let q be z(20). Calculate the remainder when i(q) is divided by 32.
30
Let u(a) = 2*a**3 - 28*a**2 + 29*a + 4. Let c be u(12). Calculate the remainder when ((-112)/c)/((-2)/(-628)) is divided by 21 + 1/(1*-1).
17
Let o(u) = 2*u**2 - 68*u + 593. Calculate the remainder when 67 is divided by o(12)